{"id":245,"date":"2025-12-09T21:07:31","date_gmt":"2025-12-09T21:07:31","guid":{"rendered":"https:\/\/leniform.de\/?page_id=245"},"modified":"2026-03-06T17:04:17","modified_gmt":"2026-03-06T17:04:17","slug":"245-2","status":"publish","type":"page","link":"https:\/\/leniform.de\/?page_id=245","title":{"rendered":"Lernkarten Bundesl\u00e4nder"},"content":{"rendered":"","protected":false},"excerpt":{"rendered":"","protected":false},"author":1,"featured_media":0,"parent":0,"menu_order":0,"comment_status":"closed","ping_status":"closed","template":"","meta":{"jetpack_post_was_ever_published":false,"footnotes":""},"class_list":["post-245","page","type-page","status-publish","hentry"],"jetpack_sharing_enabled":true,"jetpack_shortlink":"https:\/\/wp.me\/P93sQo-3X","jetpack-related-posts":[{"id":229,"url":"https:\/\/leniform.de\/?page_id=229","url_meta":{"origin":245,"position":0},"title":"Lernkarten M\u00fcnchen","author":"Tobiform","date":"Dezember 6, 2025","format":false,"excerpt":"","rel":"","context":"\u00c4hnlicher Beitrag","block_context":{"text":"\u00c4hnlicher Beitrag","link":""},"img":{"alt_text":"","src":"","width":0,"height":0},"classes":[]},{"id":304,"url":"https:\/\/leniform.de\/?page_id=304","url_meta":{"origin":245,"position":1},"title":"Bundesl\u00e4nder Quiz","author":"Tobiform","date":"Januar 15, 2026","format":false,"excerpt":"","rel":"","context":"\u00c4hnlicher Beitrag","block_context":{"text":"\u00c4hnlicher Beitrag","link":""},"img":{"alt_text":"","src":"","width":0,"height":0},"classes":[]}],"_links":{"self":[{"href":"https:\/\/leniform.de\/index.php?rest_route=\/wp\/v2\/pages\/245","targetHints":{"allow":["GET"]}}],"collection":[{"href":"https:\/\/leniform.de\/index.php?rest_route=\/wp\/v2\/pages"}],"about":[{"href":"https:\/\/leniform.de\/index.php?rest_route=\/wp\/v2\/types\/page"}],"author":[{"embeddable":true,"href":"https:\/\/leniform.de\/index.php?rest_route=\/wp\/v2\/users\/1"}],"replies":[{"embeddable":true,"href":"https:\/\/leniform.de\/index.php?rest_route=%2Fwp%2Fv2%2Fcomments&post=245"}],"version-history":[{"count":10,"href":"https:\/\/leniform.de\/index.php?rest_route=\/wp\/v2\/pages\/245\/revisions"}],"predecessor-version":[{"id":525,"href":"https:\/\/leniform.de\/index.php?rest_route=\/wp\/v2\/pages\/245\/revisions\/525"}],"wp:attachment":[{"href":"https:\/\/leniform.de\/index.php?rest_route=%2Fwp%2Fv2%2Fmedia&parent=245"}],"curies":[{"name":"wp","href":"https:\/\/api.w.org\/{rel}","templated":true}]}}